{"id":2448,"date":"2020-08-23T20:44:34","date_gmt":"2020-08-23T23:44:34","guid":{"rendered":"https:\/\/scaledinnovation.in\/ead\/?post_type=product&#038;p=2448"},"modified":"2021-09-16T14:43:12","modified_gmt":"2021-09-16T17:43:12","slug":"design-startup","status":"publish","type":"product","link":"https:\/\/scaledinnovation.in\/ead\/produto\/design-startup\/","title":{"rendered":"ADesign Startup Facilitator ADS-F II"},"content":{"rendered":"\t\t<div data-elementor-type=\"wp-post\" data-elementor-id=\"2448\" class=\"elementor elementor-2448\">\n\t\t\t\t\t\t<div class=\"elementor-inner\">\n\t\t\t\t<div class=\"elementor-section-wrap\">\n\t\t\t\t\t\t\t\t\t<section class=\"elementor-section elementor-top-section elementor-element elementor-element-578e2313 elementor-section-boxed elementor-section-height-default elementor-section-height-default\" data-id=\"578e2313\" data-element_type=\"section\">\n\t\t\t\t\t\t<div class=\"elementor-container elementor-column-gap-default\">\n\t\t\t\t\t\t\t<div class=\"elementor-row\">\n\t\t\t\t\t<div class=\"elementor-column elementor-col-100 elementor-top-column elementor-element elementor-element-1ccc96e4\" data-id=\"1ccc96e4\" data-element_type=\"column\">\n\t\t\t<div class=\"elementor-column-wrap elementor-element-populated\">\n\t\t\t\t\t\t\t<div class=\"elementor-widget-wrap\">\n\t\t\t\t\t\t<div class=\"elementor-element elementor-element-25f822e elementor-widget elementor-widget-text-editor\" data-id=\"25f822e\" data-element_type=\"widget\" data-widget_type=\"text-editor.default\">\n\t\t\t\t<div class=\"elementor-widget-container\">\n\t\t\t\t\t\t\t\t<div class=\"elementor-text-editor elementor-clearfix\">\n\t\t\t\t<p><b>O Que \u00e9?<\/b><\/p><p>A A<b>Design Startup\u00a0<\/b>\u00e9 uma metodologia de Inova\u00e7\u00e3o humanizada orientada a valor e ao sonho do cliente, um workshop de 4 dias para ter a compreens\u00e3o de desafios do presente e do futuro, de forma transparente valorar oportunidades, problemas, riscos, ideias de solu\u00e7\u00f5es criativas de forma empreendedora, centrado em pessoas e suas intera\u00e7\u00f5es na cria\u00e7\u00e3o de Solu\u00e7\u00f5es, Produtos, Servi\u00e7os e M\u00e9todos.<\/p><p>Ela tem uma abordagem n\u00e3o apenas focada no desejo do cliente, mas tamb\u00e9m nos produtos e servi\u00e7os dos seus sonhos. Focada em Business Innovation, na minha opini\u00e3o o FUTURO da Business Agility \u00e9 a inova\u00e7\u00e3o e o Empreendedorismo, aDesign Startup faz parte do framework de Inova\u00e7\u00e3o em neg\u00f3cios ABI\u00ae Agile Business Innovation e segue uma agenda de 4 dias e vai das dores e desafios ao Backlog do time.<\/p>\t\t\t\t\t<\/div>\n\t\t\t\t\t\t<\/div>\n\t\t\t\t<\/div>\n\t\t\t\t\t\t<\/div>\n\t\t\t\t\t<\/div>\n\t\t<\/div>\n\t\t\t\t\t\t\t\t<\/div>\n\t\t\t\t\t<\/div>\n\t\t<\/section>\n\t\t\t\t\t\t\t\t\t<\/div>\n\t\t\t<\/div>\n\t\t\t\t\t<\/div>\n\t\t","protected":false},"excerpt":{"rendered":"<p>O curso da <b>@Design Startup\u00a0<\/b>\u00e9 uma metodologia de Inova\u00e7\u00e3o humanizada orientada a valor e ao sonho do cliente, um workshop de 4 dias para ter a compreens\u00e3o de desafios do presente e do futuro, de forma transparente valorar dores por impacto financeiro e prioridade, oportunidades, problemas, riscos, ideias de solu\u00e7\u00f5es criativas de forma empreendedora, prototipa\u00e7\u00e3o conceitual, teste da ideia, centrado em pessoas e suas intera\u00e7\u00f5es na cria\u00e7\u00e3o de Solu\u00e7\u00f5es, Produtos, Servi\u00e7os e M\u00e9todos.<\/p>\n<p>Ela tem uma abordagem n\u00e3o apenas focada no desejo do cliente, mas tamb\u00e9m nos produtos e servi\u00e7os dos seus sonhos. Focada em Business Innovation, em nossa opini\u00e3o o FUTURO da Business Agility \u00e9 a inova\u00e7\u00e3o e o Empreendedorismo, aDesign Startup faz parte do framework de Inova\u00e7\u00e3o em neg\u00f3cios ABI\u00ae Agile Business Innovation.<\/p>\n","protected":false},"featured_media":2619,"comment_status":"open","ping_status":"closed","template":"elementor_canvas","meta":{"_uag_custom_page_level_css":""},"product_cat":[28],"product_tag":[177,171,176,173,172,169,167,170,175,168],"yoast_head":"<!-- This site is optimized with the Yoast SEO plugin v20.1 - https:\/\/yoast.com\/wordpress\/plugins\/seo\/ -->\n<title>ADesign Startup Facilitator ADS-F II | Scaled Innovation<\/title>\n<meta name=\"robots\" content=\"index, follow, max-snippet:-1, max-image-preview:large, max-video-preview:-1\" \/>\n<link rel=\"canonical\" href=\"https:\/\/scaledinnovation.in\/ead\/produto\/design-startup\/\" \/>\n<meta property=\"og:locale\" content=\"pt_BR\" \/>\n<meta property=\"og:type\" content=\"article\" \/>\n<meta property=\"og:title\" content=\"ADesign Startup Facilitator ADS-F II | Scaled Innovation\" \/>\n<meta property=\"og:description\" content=\"O curso da @Design Startup\u00a0\u00e9 uma metodologia de Inova\u00e7\u00e3o humanizada orientada a valor e ao sonho do cliente, um workshop de 4 dias para ter a compreens\u00e3o de desafios do presente e do futuro, de forma transparente valorar dores por impacto financeiro e prioridade, oportunidades, problemas, riscos, ideias de solu\u00e7\u00f5es criativas de forma empreendedora, prototipa\u00e7\u00e3o conceitual, teste da ideia, centrado em pessoas e suas intera\u00e7\u00f5es na cria\u00e7\u00e3o de Solu\u00e7\u00f5es, Produtos, Servi\u00e7os e M\u00e9todos.  Ela tem uma abordagem n\u00e3o apenas focada no desejo do cliente, mas tamb\u00e9m nos produtos e servi\u00e7os dos seus sonhos. Focada em Business Innovation, em nossa opini\u00e3o o FUTURO da Business Agility \u00e9 a inova\u00e7\u00e3o e o Empreendedorismo, aDesign Startup faz parte do framework de Inova\u00e7\u00e3o em neg\u00f3cios ABI\u00ae Agile Business Innovation.\" \/>\n<meta property=\"og:url\" content=\"https:\/\/scaledinnovation.in\/ead\/produto\/design-startup\/\" \/>\n<meta property=\"og:site_name\" content=\"Scaled Innovation\" \/>\n<meta property=\"article:publisher\" content=\"https:\/\/facebook.com\/adesignstartup\" \/>\n<meta property=\"article:modified_time\" content=\"2021-09-16T17:43:12+00:00\" \/>\n<meta property=\"og:image\" content=\"https:\/\/scaledinnovation.in\/ead\/wp-content\/uploads\/2020\/08\/Design.Tumb_.v1.png\" \/>\n\t<meta property=\"og:image:width\" content=\"1366\" \/>\n\t<meta property=\"og:image:height\" content=\"768\" \/>\n\t<meta property=\"og:image:type\" content=\"image\/png\" \/>\n<meta name=\"twitter:card\" content=\"summary_large_image\" \/>\n<meta name=\"twitter:site\" content=\"@ofabiocruz\" \/>\n<meta name=\"twitter:label1\" content=\"Est. tempo de leitura\" \/>\n\t<meta name=\"twitter:data1\" content=\"1 minuto\" \/>\n<script type=\"application\/ld+json\" class=\"yoast-schema-graph\">{\"@context\":\"https:\/\/schema.org\",\"@graph\":[{\"@type\":\"WebPage\",\"@id\":\"https:\/\/scaledinnovation.in\/ead\/produto\/design-startup\/\",\"url\":\"https:\/\/scaledinnovation.in\/ead\/produto\/design-startup\/\",\"name\":\"ADesign Startup Facilitator ADS-F II | Scaled Innovation\",\"isPartOf\":{\"@id\":\"https:\/\/scaledinnovation.in\/ead\/#website\"},\"datePublished\":\"2020-08-23T23:44:34+00:00\",\"dateModified\":\"2021-09-16T17:43:12+00:00\",\"breadcrumb\":{\"@id\":\"https:\/\/scaledinnovation.in\/ead\/produto\/design-startup\/#breadcrumb\"},\"inLanguage\":\"pt-BR\",\"potentialAction\":[{\"@type\":\"ReadAction\",\"target\":[\"https:\/\/scaledinnovation.in\/ead\/produto\/design-startup\/\"]}]},{\"@type\":\"BreadcrumbList\",\"@id\":\"https:\/\/scaledinnovation.in\/ead\/produto\/design-startup\/#breadcrumb\",\"itemListElement\":[{\"@type\":\"ListItem\",\"position\":1,\"name\":\"In\u00edcio\",\"item\":\"https:\/\/scaledinnovation.in\/ead\/\"},{\"@type\":\"ListItem\",\"position\":2,\"name\":\"CURSOS\",\"item\":\"https:\/\/scaledinnovation.in\/ead\/cursos\/\"},{\"@type\":\"ListItem\",\"position\":3,\"name\":\"ADesign Startup Facilitator ADS-F II\"}]},{\"@type\":\"WebSite\",\"@id\":\"https:\/\/scaledinnovation.in\/ead\/#website\",\"url\":\"https:\/\/scaledinnovation.in\/ead\/\",\"name\":\"Scaled Innovation ADesign Startup\",\"description\":\"Somos uma Edtech de treinamentos e consultoria especializada em Implantar M\u00e9todos \u00c1geis em empresas, cultura de Inova\u00e7\u00e3o, Design Thinking e Sprint, Lean Startup, Agile, OKR, ARM, Scrum, Kanban, XP e Transforma\u00e7\u00e3o Digital.\",\"publisher\":{\"@id\":\"https:\/\/scaledinnovation.in\/ead\/#organization\"},\"potentialAction\":[{\"@type\":\"SearchAction\",\"target\":{\"@type\":\"EntryPoint\",\"urlTemplate\":\"https:\/\/scaledinnovation.in\/ead\/?s={search_term_string}\"},\"query-input\":\"required name=search_term_string\"}],\"inLanguage\":\"pt-BR\"},{\"@type\":\"Organization\",\"@id\":\"https:\/\/scaledinnovation.in\/ead\/#organization\",\"name\":\"Scaled Innovation\",\"url\":\"https:\/\/scaledinnovation.in\/ead\/\",\"logo\":{\"@type\":\"ImageObject\",\"inLanguage\":\"pt-BR\",\"@id\":\"https:\/\/scaledinnovation.in\/ead\/#\/schema\/logo\/image\/\",\"url\":\"https:\/\/scaledinnovation.in\/ead\/wp-content\/uploads\/2019\/11\/1-prjkeeper.jpg\",\"contentUrl\":\"https:\/\/scaledinnovation.in\/ead\/wp-content\/uploads\/2019\/11\/1-prjkeeper.jpg\",\"width\":450,\"height\":252,\"caption\":\"Scaled Innovation\"},\"image\":{\"@id\":\"https:\/\/scaledinnovation.in\/ead\/#\/schema\/logo\/image\/\"},\"sameAs\":[\"https:\/\/facebook.com\/adesignstartup\",\"https:\/\/twitter.com\/ofabiocruz\",\"https:\/\/www.instagram.com\/ofabiocruz\/\",\"https:\/\/www.linkedin.com\/company\/scaledinnovationin\",\"https:\/\/www.youtube.com\/channel\/UCCnglLVuO4RExmsh6k8RHdA\/\"]}]}<\/script>\n<!-- \/ Yoast SEO plugin. -->","yoast_head_json":{"title":"ADesign Startup Facilitator ADS-F II | Scaled Innovation","robots":{"index":"index","follow":"follow","max-snippet":"max-snippet:-1","max-image-preview":"max-image-preview:large","max-video-preview":"max-video-preview:-1"},"canonical":"https:\/\/scaledinnovation.in\/ead\/produto\/design-startup\/","og_locale":"pt_BR","og_type":"article","og_title":"ADesign Startup Facilitator ADS-F II | Scaled Innovation","og_description":"O curso da @Design Startup\u00a0\u00e9 uma metodologia de Inova\u00e7\u00e3o humanizada orientada a valor e ao sonho do cliente, um workshop de 4 dias para ter a compreens\u00e3o de desafios do presente e do futuro, de forma transparente valorar dores por impacto financeiro e prioridade, oportunidades, problemas, riscos, ideias de solu\u00e7\u00f5es criativas de forma empreendedora, prototipa\u00e7\u00e3o conceitual, teste da ideia, centrado em pessoas e suas intera\u00e7\u00f5es na cria\u00e7\u00e3o de Solu\u00e7\u00f5es, Produtos, Servi\u00e7os e M\u00e9todos.  Ela tem uma abordagem n\u00e3o apenas focada no desejo do cliente, mas tamb\u00e9m nos produtos e servi\u00e7os dos seus sonhos. Focada em Business Innovation, em nossa opini\u00e3o o FUTURO da Business Agility \u00e9 a inova\u00e7\u00e3o e o Empreendedorismo, aDesign Startup faz parte do framework de Inova\u00e7\u00e3o em neg\u00f3cios ABI\u00ae Agile Business Innovation.","og_url":"https:\/\/scaledinnovation.in\/ead\/produto\/design-startup\/","og_site_name":"Scaled Innovation","article_publisher":"https:\/\/facebook.com\/adesignstartup","article_modified_time":"2021-09-16T17:43:12+00:00","og_image":[{"width":1366,"height":768,"url":"https:\/\/scaledinnovation.in\/ead\/wp-content\/uploads\/2020\/08\/Design.Tumb_.v1.png","type":"image\/png"}],"twitter_card":"summary_large_image","twitter_site":"@ofabiocruz","twitter_misc":{"Est. tempo de leitura":"1 minuto"},"schema":{"@context":"https:\/\/schema.org","@graph":[{"@type":"WebPage","@id":"https:\/\/scaledinnovation.in\/ead\/produto\/design-startup\/","url":"https:\/\/scaledinnovation.in\/ead\/produto\/design-startup\/","name":"ADesign Startup Facilitator ADS-F II | Scaled Innovation","isPartOf":{"@id":"https:\/\/scaledinnovation.in\/ead\/#website"},"datePublished":"2020-08-23T23:44:34+00:00","dateModified":"2021-09-16T17:43:12+00:00","breadcrumb":{"@id":"https:\/\/scaledinnovation.in\/ead\/produto\/design-startup\/#breadcrumb"},"inLanguage":"pt-BR","potentialAction":[{"@type":"ReadAction","target":["https:\/\/scaledinnovation.in\/ead\/produto\/design-startup\/"]}]},{"@type":"BreadcrumbList","@id":"https:\/\/scaledinnovation.in\/ead\/produto\/design-startup\/#breadcrumb","itemListElement":[{"@type":"ListItem","position":1,"name":"In\u00edcio","item":"https:\/\/scaledinnovation.in\/ead\/"},{"@type":"ListItem","position":2,"name":"CURSOS","item":"https:\/\/scaledinnovation.in\/ead\/cursos\/"},{"@type":"ListItem","position":3,"name":"ADesign Startup Facilitator ADS-F II"}]},{"@type":"WebSite","@id":"https:\/\/scaledinnovation.in\/ead\/#website","url":"https:\/\/scaledinnovation.in\/ead\/","name":"Scaled Innovation ADesign Startup","description":"Somos uma Edtech de treinamentos e consultoria especializada em Implantar M\u00e9todos \u00c1geis em empresas, cultura de Inova\u00e7\u00e3o, Design Thinking e Sprint, Lean Startup, Agile, OKR, ARM, Scrum, Kanban, XP e Transforma\u00e7\u00e3o Digital.","publisher":{"@id":"https:\/\/scaledinnovation.in\/ead\/#organization"},"potentialAction":[{"@type":"SearchAction","target":{"@type":"EntryPoint","urlTemplate":"https:\/\/scaledinnovation.in\/ead\/?s={search_term_string}"},"query-input":"required name=search_term_string"}],"inLanguage":"pt-BR"},{"@type":"Organization","@id":"https:\/\/scaledinnovation.in\/ead\/#organization","name":"Scaled Innovation","url":"https:\/\/scaledinnovation.in\/ead\/","logo":{"@type":"ImageObject","inLanguage":"pt-BR","@id":"https:\/\/scaledinnovation.in\/ead\/#\/schema\/logo\/image\/","url":"https:\/\/scaledinnovation.in\/ead\/wp-content\/uploads\/2019\/11\/1-prjkeeper.jpg","contentUrl":"https:\/\/scaledinnovation.in\/ead\/wp-content\/uploads\/2019\/11\/1-prjkeeper.jpg","width":450,"height":252,"caption":"Scaled Innovation"},"image":{"@id":"https:\/\/scaledinnovation.in\/ead\/#\/schema\/logo\/image\/"},"sameAs":["https:\/\/facebook.com\/adesignstartup","https:\/\/twitter.com\/ofabiocruz","https:\/\/www.instagram.com\/ofabiocruz\/","https:\/\/www.linkedin.com\/company\/scaledinnovationin","https:\/\/www.youtube.com\/channel\/UCCnglLVuO4RExmsh6k8RHdA\/"]}]}},"uagb_featured_image_src":{"full":["https:\/\/scaledinnovation.in\/ead\/wp-content\/uploads\/2020\/08\/Design.Tumb_.v1.png",1366,768,false],"thumbnail":["https:\/\/scaledinnovation.in\/ead\/wp-content\/uploads\/2020\/08\/Design.Tumb_.v1-150x150.png",150,150,true],"medium":["https:\/\/scaledinnovation.in\/ead\/wp-content\/uploads\/2020\/08\/Design.Tumb_.v1-300x169.png",300,169,true],"medium_large":["https:\/\/scaledinnovation.in\/ead\/wp-content\/uploads\/2020\/08\/Design.Tumb_.v1-768x432.png",768,432,true],"large":["https:\/\/scaledinnovation.in\/ead\/wp-content\/uploads\/2020\/08\/Design.Tumb_.v1-1024x576.png",1024,576,true],"1536x1536":["https:\/\/scaledinnovation.in\/ead\/wp-content\/uploads\/2020\/08\/Design.Tumb_.v1.png",1366,768,false],"2048x2048":["https:\/\/scaledinnovation.in\/ead\/wp-content\/uploads\/2020\/08\/Design.Tumb_.v1.png",1366,768,false],"ocean-thumb-m":["https:\/\/scaledinnovation.in\/ead\/wp-content\/uploads\/2020\/08\/Design.Tumb_.v1.png",600,337,false],"ocean-thumb-ml":["https:\/\/scaledinnovation.in\/ead\/wp-content\/uploads\/2020\/08\/Design.Tumb_.v1.png",800,450,false],"ocean-thumb-l":["https:\/\/scaledinnovation.in\/ead\/wp-content\/uploads\/2020\/08\/Design.Tumb_.v1.png",1200,675,false],"woocommerce_thumbnail":["https:\/\/scaledinnovation.in\/ead\/wp-content\/uploads\/2020\/08\/Design.Tumb_.v1-300x300.png",300,300,true],"woocommerce_single":["https:\/\/scaledinnovation.in\/ead\/wp-content\/uploads\/2020\/08\/Design.Tumb_.v1-600x337.png",600,337,true],"woocommerce_gallery_thumbnail":["https:\/\/scaledinnovation.in\/ead\/wp-content\/uploads\/2020\/08\/Design.Tumb_.v1-100x100.png",100,100,true]},"uagb_author_info":{"display_name":"adminpk","author_link":"https:\/\/scaledinnovation.in\/ead\/author\/"},"uagb_comment_info":0,"uagb_excerpt":"O curso da @Design Startup\u00a0\u00e9 uma metodologia de Inova\u00e7\u00e3o humanizada orientada a valor e ao sonho do cliente, um workshop de 4 dias para ter a compreens\u00e3o de desafios do presente e do futuro, de forma transparente valorar dores por impacto financeiro e prioridade, oportunidades, problemas, riscos, ideias de solu\u00e7\u00f5es criativas de forma empreendedora, prototipa\u00e7\u00e3o&hellip;","_links":{"self":[{"href":"https:\/\/scaledinnovation.in\/ead\/wp-json\/wp\/v2\/product\/2448"}],"collection":[{"href":"https:\/\/scaledinnovation.in\/ead\/wp-json\/wp\/v2\/product"}],"about":[{"href":"https:\/\/scaledinnovation.in\/ead\/wp-json\/wp\/v2\/types\/product"}],"replies":[{"embeddable":true,"href":"https:\/\/scaledinnovation.in\/ead\/wp-json\/wp\/v2\/comments?post=2448"}],"version-history":[{"count":13,"href":"https:\/\/scaledinnovation.in\/ead\/wp-json\/wp\/v2\/product\/2448\/revisions"}],"predecessor-version":[{"id":3647,"href":"https:\/\/scaledinnovation.in\/ead\/wp-json\/wp\/v2\/product\/2448\/revisions\/3647"}],"wp:featuredmedia":[{"embeddable":true,"href":"https:\/\/scaledinnovation.in\/ead\/wp-json\/wp\/v2\/media\/2619"}],"wp:attachment":[{"href":"https:\/\/scaledinnovation.in\/ead\/wp-json\/wp\/v2\/media?parent=2448"}],"wp:term":[{"taxonomy":"product_cat","embeddable":true,"href":"https:\/\/scaledinnovation.in\/ead\/wp-json\/wp\/v2\/product_cat?post=2448"},{"taxonomy":"product_tag","embeddable":true,"href":"https:\/\/scaledinnovation.in\/ead\/wp-json\/wp\/v2\/product_tag?post=2448"}],"curies":[{"name":"wp","href":"https:\/\/api.w.org\/{rel}","templated":true}]}}